{"id":42484,"date":"2025-10-04T08:48:22","date_gmt":"2025-10-04T06:48:22","guid":{"rendered":"https:\/\/maedchenchor-hannover.de\/?post_type=tribe_events&#038;p=42484"},"modified":"2025-10-07T10:26:49","modified_gmt":"2025-10-07T08:26:49","slug":"konzert-staatsorchester-und-maedchenchor-2-2-2","status":"publish","type":"tribe_events","link":"https:\/\/maedchenchor-hannover.de\/?tribe_events=konzert-staatsorchester-und-maedchenchor-2-2-2","title":{"rendered":"Weihnachten. Festliches Konzert mit dem M\u00e4dchenchor Hannover II"},"content":{"rendered":"<p>Der M\u00e4dchenchor Hannover pr\u00e4sentiert unter der Leitung von Andreas Felber zusammen mit der NDR Radiophilharmonie weihnachtliche Werke. Auf dem Programm stehen weihnachtliche Chor- und Orchesterwerke unter anderem von Georg Friedrich H\u00e4ndel, Lars-Erik Larsson, Engelbert Humperdinck, Johannes Brahms, Charles Gounod, Leroy Anderson, Ola Gjeilo.<br \/>\n3\u20ac des Kartenpreises gehen als Spende an die Benefizaktion &#8222;Hand in Hand f\u00fcr Norddeutschland&#8220;.<\/p>\n<p>Tickets erhalten Sie im <strong><a href=\"https:\/\/www.ndrticketshop.de\/ndr-radiophilharmonie\/2584-weihnachten-festliches-konzert-mit-dem-maedchenchor-hannover\">NDR Ticketshop<\/a><\/strong>.<\/p>\n<p>Foto: NDR, Micha Neugebauer<\/p>\n","protected":false},"excerpt":{"rendered":"<p>Der M\u00e4dchenchor Hannover pr\u00e4sentiert unter der Leitung von Andreas Felber zusammen mit der NDR Radiophilharmonie weihnachtliche Werke. Auf dem Programm stehen weihnachtliche Chor- und Orchesterwerke unter anderem von Georg Friedrich H\u00e4ndel, Lars-Erik Larsson, Engelbert Humperdinck, Johannes Brahms, Charles Gounod, Leroy Anderson, Ola Gjeilo.<br \/>\n3\u20ac des Kartenpreises gehen als Spende an die Benefizaktion &#8222;Hand in Hand f\u00fcr Norddeutschland&#8220;.<\/p>\n","protected":false},"author":24786,"featured_media":42493,"template":"","meta":{"_tribe_events_status":"","_tribe_events_status_reason":"","footnotes":""},"tags":[],"tribe_events_cat":[],"class_list":["post-42484","tribe_events","type-tribe_events","status-publish","has-post-thumbnail","hentry"],"_links":{"self":[{"href":"https:\/\/maedchenchor-hannover.de\/index.php?rest_route=\/wp\/v2\/tribe_events\/42484","targetHints":{"allow":["GET"]}}],"collection":[{"href":"https:\/\/maedchenchor-hannover.de\/index.php?rest_route=\/wp\/v2\/tribe_events"}],"about":[{"href":"https:\/\/maedchenchor-hannover.de\/index.php?rest_route=\/wp\/v2\/types\/tribe_events"}],"author":[{"embeddable":true,"href":"https:\/\/maedchenchor-hannover.de\/index.php?rest_route=\/wp\/v2\/users\/24786"}],"version-history":[{"count":3,"href":"https:\/\/maedchenchor-hannover.de\/index.php?rest_route=\/wp\/v2\/tribe_events\/42484\/revisions"}],"predecessor-version":[{"id":42496,"href":"https:\/\/maedchenchor-hannover.de\/index.php?rest_route=\/wp\/v2\/tribe_events\/42484\/revisions\/42496"}],"wp:featuredmedia":[{"embeddable":true,"href":"https:\/\/maedchenchor-hannover.de\/index.php?rest_route=\/wp\/v2\/media\/42493"}],"wp:attachment":[{"href":"https:\/\/maedchenchor-hannover.de\/index.php?rest_route=%2Fwp%2Fv2%2Fmedia&parent=42484"}],"wp:term":[{"taxonomy":"post_tag","embeddable":true,"href":"https:\/\/maedchenchor-hannover.de\/index.php?rest_route=%2Fwp%2Fv2%2Ftags&post=42484"},{"taxonomy":"tribe_events_cat","embeddable":true,"href":"https:\/\/maedchenchor-hannover.de\/index.php?rest_route=%2Fwp%2Fv2%2Ftribe_events_cat&post=42484"}],"curies":[{"name":"wp","href":"https:\/\/api.w.org\/{rel}","templated":true}]}}

Weihnachten. Festliches Konzert mit dem Mädchenchor Hannover II

<p>Der Mädchenchor Hannover präsentiert unter der Leitung von Andreas Felber zusammen mit der NDR Radiophilharmonie weihnachtliche Werke. Auf dem Programm stehen weihnachtliche Chor- und Orchesterwerke unter anderem von Georg Friedrich Händel, Lars-Erik Larsson, Engelbert Humperdinck, Johannes Brahms, Charles Gounod, Leroy Anderson, Ola Gjeilo.<br />
3€ des Kartenpreises gehen als Spende an die Benefizaktion &#8222;Hand in Hand für Norddeutschland&#8220;.</p>
<p>Tickets erhalten Sie im <strong><a href="https://www.ndrticketshop.de/ndr-radiophilharmonie/2584-weihnachten-festliches-konzert-mit-dem-maedchenchor-hannover">NDR Ticketshop</a></strong>.</p>
<p>Foto: NDR, Micha Neugebauer</p>

<p>Der Mädchenchor Hannover präsentiert unter der Leitung von Andreas Felber zusammen mit der NDR Radiophilharmonie weihnachtliche Werke. Auf dem Programm stehen weihnachtliche Chor- und Orchesterwerke unter anderem von Georg Friedrich Händel, Lars-Erik Larsson, Engelbert Humperdinck, Johannes Brahms, Charles Gounod, Leroy Anderson, Ola Gjeilo.<br />
3€ des Kartenpreises gehen als Spende an die Benefizaktion &#8222;Hand in Hand für Norddeutschland&#8220;.</p>
