{"id":42479,"date":"2025-10-04T08:30:19","date_gmt":"2025-10-04T06:30:19","guid":{"rendered":"https:\/\/maedchenchor-hannover.de\/?post_type=tribe_events&#038;p=42479"},"modified":"2025-10-23T10:14:11","modified_gmt":"2025-10-23T08:14:11","slug":"konzert-staatsorchester-und-maedchenchor-2","status":"publish","type":"tribe_events","link":"https:\/\/maedchenchor-hannover.de\/?tribe_events=konzert-staatsorchester-und-maedchenchor-2","title":{"rendered":"Familienkonzert"},"content":{"rendered":"\t\t<div data-elementor-type=\"tec_event_single_static\" data-elementor-id=\"42479\" class=\"elementor elementor-42479\">\n\t\t\t\t\t\t<section class=\"elementor-section elementor-top-section elementor-element elementor-element-727edc9f elementor-section-boxed elementor-section-height-default elementor-section-height-default\" data-id=\"727edc9f\" data-element_type=\"section\" data-e-type=\"section\">\n\t\t\t\t\t\t<div class=\"elementor-container elementor-column-gap-default\">\n\t\t\t\t\t<div class=\"elementor-column elementor-col-100 elementor-top-column elementor-element elementor-element-bbe6aa9\" data-id=\"bbe6aa9\" data-element_type=\"column\" data-e-type=\"column\">\n\t\t\t<div class=\"elementor-widget-wrap elementor-element-populated\">\n\t\t\t\t\t\t\t\t\t<style>\n\t\t\t\t\t\t.tec-events-elementor-template-selection-helper {\n\t\t\t\t\t\t\tdisplay: none !important;\n\t\t\t\t\t\t}\n\t\t\t\t\t<\/style>\n\t\t\t\t\t\t<div class=\"elementor-element elementor-element-20dea0af elementor-widget elementor-widget-text-editor\" data-id=\"20dea0af\" data-element_type=\"widget\" data-e-type=\"widget\" data-widget_type=\"text-editor.default\">\n\t\t\t\t<div class=\"elementor-widget-container\">\n\t\t\t\t\t\t\t\t\t<p>Zum einst\u00fcndigen Konzert am 1. Adventssonntag laden der Nachwuchschor und der Konzertchor des M\u00e4dchenchor Hannover insbesondere Familien ein; dieses Mal in die Christuskirche. Erz\u00e4hlt wird eine weihnachtliche Geschichte, die der Nachwuchschor besinnlich-unterhaltsam umrahmt. Auch der Konzertchor tr\u00e4gt mit Weihnachtss\u00e4tzen seinen Teil zur Adventsstimmung bei. Musikalisch begleitet der Pianist Nicolai Kr\u00fcgel die S\u00e4ngerinnen.<br \/>Tickets erhalten Sie <a href=\"https:\/\/maedchenchorhannover.reservix.de\/events\"><span style=\"text-decoration: underline;\"><strong>online direkt \u00fcber unsere Website<\/strong><\/span><\/a>.<\/p>\t\t\t\t\t\t\t\t<\/div>\n\t\t\t\t<\/div>\n\t\t\t\t\t<\/div>\n\t\t<\/div>\n\t\t\t\t\t<\/div>\n\t\t<\/section>\n\t\t\t\t<\/div>\n\t\t","protected":false},"excerpt":{"rendered":"<p>Zum einst\u00fcndigen Konzert am 1. Adventssonntag laden der Nachwuchschor und der Konzertchor des M\u00e4dchenchor Hannover insbesondere Familien ein; dieses Mal in die Christuskirche. Erz\u00e4hlt wird eine weihnachtliche Geschichte, die der Nachwuchschor besinnlich-unterhaltsam umrahmt. Auch der Konzertchor tr\u00e4gt mit Weihnachtss\u00e4tzen seinen Teil zur Adventsstimmung bei. Musikalisch begleitet der Pianist Nicolai Kr\u00fcgel die S\u00e4ngerinnen.<br \/>\nTickets erhalten Sie <a href=\"https:\/\/maedchenchorhannover.reservix.de\/events\"><span style=\"text-decoration: underline;\"><strong>online direkt \u00fcber unsere Website<\/strong><\/span><\/a>.<\/p>\n","protected":false},"author":24786,"featured_media":42480,"template":"","meta":{"_tribe_events_status":"","_tribe_events_status_reason":"","footnotes":""},"tags":[],"tribe_events_cat":[],"class_list":["post-42479","tribe_events","type-tribe_events","status-publish","has-post-thumbnail","hentry"],"_links":{"self":[{"href":"https:\/\/maedchenchor-hannover.de\/index.php?rest_route=\/wp\/v2\/tribe_events\/42479","targetHints":{"allow":["GET"]}}],"collection":[{"href":"https:\/\/maedchenchor-hannover.de\/index.php?rest_route=\/wp\/v2\/tribe_events"}],"about":[{"href":"https:\/\/maedchenchor-hannover.de\/index.php?rest_route=\/wp\/v2\/types\/tribe_events"}],"author":[{"embeddable":true,"href":"https:\/\/maedchenchor-hannover.de\/index.php?rest_route=\/wp\/v2\/users\/24786"}],"version-history":[{"count":8,"href":"https:\/\/maedchenchor-hannover.de\/index.php?rest_route=\/wp\/v2\/tribe_events\/42479\/revisions"}],"predecessor-version":[{"id":42795,"href":"https:\/\/maedchenchor-hannover.de\/index.php?rest_route=\/wp\/v2\/tribe_events\/42479\/revisions\/42795"}],"wp:featuredmedia":[{"embeddable":true,"href":"https:\/\/maedchenchor-hannover.de\/index.php?rest_route=\/wp\/v2\/media\/42480"}],"wp:attachment":[{"href":"https:\/\/maedchenchor-hannover.de\/index.php?rest_route=%2Fwp%2Fv2%2Fmedia&parent=42479"}],"wp:term":[{"taxonomy":"post_tag","embeddable":true,"href":"https:\/\/maedchenchor-hannover.de\/index.php?rest_route=%2Fwp%2Fv2%2Ftags&post=42479"},{"taxonomy":"tribe_events_cat","embeddable":true,"href":"https:\/\/maedchenchor-hannover.de\/index.php?rest_route=%2Fwp%2Fv2%2Ftribe_events_cat&post=42479"}],"curies":[{"name":"wp","href":"https:\/\/api.w.org\/{rel}","templated":true}]}}

<div data-elementor-type="tec_event_single_static" data-elementor-id="42479" class="elementor elementor-42479">
						<section class="elementor-section elementor-top-section elementor-element elementor-element-727edc9f elementor-section-boxed elementor-section-height-default elementor-section-height-default" data-id="727edc9f" data-element_type="section" data-e-type="section">
						<div class="elementor-container elementor-column-gap-default">
					<div class="elementor-column elementor-col-100 elementor-top-column elementor-element elementor-element-bbe6aa9" data-id="bbe6aa9" data-element_type="column" data-e-type="column">
			<div class="elementor-widget-wrap elementor-element-populated">
									<style>
						.tec-events-elementor-template-selection-helper {
							display: none !important;
						}
					</style>
						<div class="elementor-element elementor-element-20dea0af elementor-widget elementor-widget-text-editor" data-id="20dea0af" data-element_type="widget" data-e-type="widget" data-widget_type="text-editor.default">
				<div class="elementor-widget-container">
									<p>Zum einstündigen Konzert am 1. Adventssonntag laden der Nachwuchschor und der Konzertchor des Mädchenchor Hannover insbesondere Familien ein; dieses Mal in die Christuskirche. Erzählt wird eine weihnachtliche Geschichte, die der Nachwuchschor besinnlich-unterhaltsam umrahmt. Auch der Konzertchor trägt mit Weihnachtssätzen seinen Teil zur Adventsstimmung bei. Musikalisch begleitet der Pianist Nicolai Krügel die Sängerinnen.<br />Tickets erhalten Sie <a href="https://maedchenchorhannover.reservix.de/events"><span style="text-decoration: underline;"><strong>online direkt über unsere Website</strong></span></a>.</p>								</div>
				</div>
					</div>
		</div>
					</div>
		</section>
				</div>

<p>Zum einstündigen Konzert am 1. Adventssonntag laden der Nachwuchschor und der Konzertchor des Mädchenchor Hannover insbesondere Familien ein; dieses Mal in die Christuskirche. Erzählt wird eine weihnachtliche Geschichte, die der Nachwuchschor besinnlich-unterhaltsam umrahmt. Auch der Konzertchor trägt mit Weihnachtssätzen seinen Teil zur Adventsstimmung bei. Musikalisch begleitet der Pianist Nicolai Krügel die Sängerinnen.<br />
Tickets erhalten Sie <a href="https://maedchenchorhannover.reservix.de/events"><span style="text-decoration: underline;"><strong>online direkt über unsere Website</strong></span></a>.</p>
