{"id":32063,"date":"2023-03-06T18:39:22","date_gmt":"2023-03-06T17:39:22","guid":{"rendered":"https:\/\/maedchenchor-hannover.de\/?post_type=tribe_events&#038;p=32063"},"modified":"2023-03-06T18:39:22","modified_gmt":"2023-03-06T17:39:22","slug":"konzert-zum-neujahr-2022","status":"publish","type":"tribe_events","link":"https:\/\/maedchenchor-hannover.de\/?tribe_events=konzert-zum-neujahr-2022","title":{"rendered":"Konzert zum Neujahr 2022"},"content":{"rendered":"<p>Mit dem diesj\u00e4hrigen Neujahrskonzert l\u00e4utet der M\u00e4dchenchor Hannover auch ein Festjahr ein: 70 Jahre jung wird der M\u00e4dchenchor! Unser Programm, auch wenn es unter dem klassischen M\u00e4rchennamen steht, kommt durchaus zeitgen\u00f6ssich daher. Gleich <strong>zwei Urauff\u00fchrungen<\/strong> pr\u00e4sentiert der M\u00e4dchenchor\u00a0 in seinem Auftaktkonzert 2022 unter der Leitung von Andreas Felber. Seien Sie gespannt auf klangliche Interpretationen von Grimms &#8222;Sterntaler&#8220; (Jan M\u00fcller-Wieland) und Hans Christian Andersens &#8222;Nachtigall&#8220; (Pier Damiano Peretti) und auf weitere Werke von Sixten, Williamson u.a. Es begleiten das Ensemble Oktoplus und Nicolai Kr\u00fcgel (Klavier).<\/p>\n<p><strong>Hinweis<\/strong>: F\u00fcr dieses Konzert gilt die <span style=\"color: #ff0000;\"><strong>2G+ <\/strong>-Regel<\/span>: Besuch\/Eintritt m\u00f6glich mit Nachweis einer vollst\u00e4ndigen Impfung oder einer Covid-Genesung <span style=\"color: #ff0000;\">und<\/span> einem tagesaktuellen, negativen Coronatests (beh\u00f6rdlicher B\u00fcrgertest).<\/p>\n<p><strong>Der Vorverkauf beginnt am 26. November 2021<\/strong>.<\/p>\n","protected":false},"excerpt":{"rendered":"<p>Mit dem diesj\u00e4hrigen Neujahrskonzert l\u00e4utet der M\u00e4dchenchor Hannover auch ein Festjahr ein: 70 Jahre jung wird der M\u00e4dchenchor! Unser Programm, auch wenn es unter dem klassischen M\u00e4rchennamen steht, kommt durchaus zeitgen\u00f6ssich daher. Gleich zwei Urauff\u00fchrungen pr\u00e4sentiert der M\u00e4dchenchor\u00a0 in seinem Auftaktkonzert 2022 unter der Leitung von Andreas Felber. (Bitte beachten Sie die aktuellen Corona-Einlassregeln im Haupttext).<\/p>\n","protected":false},"author":1,"featured_media":26777,"template":"","meta":{"_tribe_events_status":"","_tribe_events_status_reason":"","footnotes":""},"tags":[],"tribe_events_cat":[325,406,404,405,279],"class_list":["post-32063","tribe_events","type-tribe_events","status-publish","has-post-thumbnail","hentry","tribe_events_cat-chorkonzert","tribe_events_cat-konzertchor","tribe_events_cat-maedchenchor-vorgruppen","tribe_events_cat-nachwuchschor","tribe_events_cat-neujahrskonzert","cat_chorkonzert","cat_konzertchor","cat_maedchenchor-vorgruppen","cat_nachwuchschor","cat_neujahrskonzert"],"_links":{"self":[{"href":"https:\/\/maedchenchor-hannover.de\/index.php?rest_route=\/wp\/v2\/tribe_events\/32063","targetHints":{"allow":["GET"]}}],"collection":[{"href":"https:\/\/maedchenchor-hannover.de\/index.php?rest_route=\/wp\/v2\/tribe_events"}],"about":[{"href":"https:\/\/maedchenchor-hannover.de\/index.php?rest_route=\/wp\/v2\/types\/tribe_events"}],"author":[{"embeddable":true,"href":"https:\/\/maedchenchor-hannover.de\/index.php?rest_route=\/wp\/v2\/users\/1"}],"version-history":[{"count":1,"href":"https:\/\/maedchenchor-hannover.de\/index.php?rest_route=\/wp\/v2\/tribe_events\/32063\/revisions"}],"predecessor-version":[{"id":32071,"href":"https:\/\/maedchenchor-hannover.de\/index.php?rest_route=\/wp\/v2\/tribe_events\/32063\/revisions\/32071"}],"wp:featuredmedia":[{"embeddable":true,"href":"https:\/\/maedchenchor-hannover.de\/index.php?rest_route=\/wp\/v2\/media\/26777"}],"wp:attachment":[{"href":"https:\/\/maedchenchor-hannover.de\/index.php?rest_route=%2Fwp%2Fv2%2Fmedia&parent=32063"}],"wp:term":[{"taxonomy":"post_tag","embeddable":true,"href":"https:\/\/maedchenchor-hannover.de\/index.php?rest_route=%2Fwp%2Fv2%2Ftags&post=32063"},{"taxonomy":"tribe_events_cat","embeddable":true,"href":"https:\/\/maedchenchor-hannover.de\/index.php?rest_route=%2Fwp%2Fv2%2Ftribe_events_cat&post=32063"}],"curies":[{"name":"wp","href":"https:\/\/api.w.org\/{rel}","templated":true}]}}

<p>Mit dem diesjährigen Neujahrskonzert läutet der Mädchenchor Hannover auch ein Festjahr ein: 70 Jahre jung wird der Mädchenchor! Unser Programm, auch wenn es unter dem klassischen Märchennamen steht, kommt durchaus zeitgenössich daher. Gleich <strong>zwei Uraufführungen</strong> präsentiert der Mädchenchor  in seinem Auftaktkonzert 2022 unter der Leitung von Andreas Felber. Seien Sie gespannt auf klangliche Interpretationen von Grimms &#8222;Sterntaler&#8220; (Jan Müller-Wieland) und Hans Christian Andersens &#8222;Nachtigall&#8220; (Pier Damiano Peretti) und auf weitere Werke von Sixten, Williamson u.a. Es begleiten das Ensemble Oktoplus und Nicolai Krügel (Klavier).</p>
<p><strong>Hinweis</strong>: Für dieses Konzert gilt die <span style="color: #ff0000;"><strong>2G+ </strong>-Regel</span>: Besuch/Eintritt möglich mit Nachweis einer vollständigen Impfung oder einer Covid-Genesung <span style="color: #ff0000;">und</span> einem tagesaktuellen, negativen Coronatests (behördlicher Bürgertest).</p>
<p><strong>Der Vorverkauf beginnt am 26. November 2021</strong>.</p>

<p>Mit dem diesjährigen Neujahrskonzert läutet der Mädchenchor Hannover auch ein Festjahr ein: 70 Jahre jung wird der Mädchenchor! Unser Programm, auch wenn es unter dem klassischen Märchennamen steht, kommt durchaus zeitgenössich daher. Gleich zwei Uraufführungen präsentiert der Mädchenchor  in seinem Auftaktkonzert 2022 unter der Leitung von Andreas Felber. (Bitte beachten Sie die aktuellen Corona-Einlassregeln im Haupttext).</p>
