{"id":41639,"date":"2025-03-19T11:55:13","date_gmt":"2025-03-19T10:55:13","guid":{"rendered":"https:\/\/maedchenchor-hannover.de\/?page_id=41639"},"modified":"2025-03-19T12:11:45","modified_gmt":"2025-03-19T11:11:45","slug":"der-chor-3-2-3","status":"publish","type":"page","link":"https:\/\/maedchenchor-hannover.de\/?page_id=41639","title":{"rendered":"Der Freundeskreis"},"content":{"rendered":"\t\t<div data-elementor-type=\"wp-post\" data-elementor-id=\"41639\" class=\"elementor elementor-41639\">\n\t\t\t\t\t\t<section class=\"elementor-section elementor-top-section elementor-element elementor-element-1c927371 elementor-section-boxed elementor-section-height-default elementor-section-height-default\" data-id=\"1c927371\" data-element_type=\"section\" data-e-type=\"section\">\n\t\t\t\t\t\t<div class=\"elementor-container elementor-column-gap-default\">\n\t\t\t\t\t<div class=\"elementor-column elementor-col-50 elementor-top-column elementor-element elementor-element-13fe9db9\" data-id=\"13fe9db9\" data-element_type=\"column\" data-e-type=\"column\" data-settings=\"{&quot;background_background&quot;:&quot;classic&quot;}\">\n\t\t\t<div class=\"elementor-widget-wrap elementor-element-populated\">\n\t\t\t\t\t\t<div class=\"elementor-element elementor-element-772a0ac3 elementor-widget__width-initial elementor-widget elementor-widget-heading\" data-id=\"772a0ac3\" data-element_type=\"widget\" data-e-type=\"widget\" data-widget_type=\"heading.default\">\n\t\t\t\t<div class=\"elementor-widget-container\">\n\t\t\t\t\t<h4 class=\"elementor-heading-title elementor-size-default\"><span style=\"letter-spacing: 0.1em\">DER FREUNDESKREIS<\/span><\/h4>\t\t\t\t<\/div>\n\t\t\t\t<\/div>\n\t\t\t\t\t<\/div>\n\t\t<\/div>\n\t\t\t\t<div class=\"elementor-column elementor-col-50 elementor-top-column elementor-element elementor-element-519f4998\" data-id=\"519f4998\" data-element_type=\"column\" data-e-type=\"column\">\n\t\t\t<div class=\"elementor-widget-wrap elementor-element-populated\">\n\t\t\t\t\t\t<div class=\"elementor-element elementor-element-5b5b2f0f elementor-widget__width-initial eael_simple_menu_hamburger_disable_selected_menu_no eael-simple-menu-hamburger-align-right eael-hamburger--tablet elementor-widget elementor-widget-eael-simple-menu\" data-id=\"5b5b2f0f\" data-element_type=\"widget\" data-e-type=\"widget\" data-settings=\"{&quot;_animation&quot;:&quot;none&quot;}\" data-widget_type=\"eael-simple-menu.default\">\n\t\t\t\t<div class=\"elementor-widget-container\">\n\t\t\t\t\t<style>\n                        @media screen and (max-width: 1024px) {\n                            .eael-hamburger--tablet {\n                                .eael-simple-menu-horizontal,\n                                .eael-simple-menu-vertical {\n                                    display: none;\n                                }\n                            }\n                            .eael-hamburger--tablet {\n                                .eael-simple-menu-container .eael-simple-menu-toggle {\n                                    display: block;\n                                }\n                            }\n                        }\n                        .eael-simple-menu-container.eael-simple-menu--loading > ul {\n                            display: -webkit-box !important;\n                            display: -ms-flexbox !important;\n                            display: flex !important;\n                            list-style: none !important;\n                        }\n                        .eael-simple-menu-container.eael-simple-menu--loading li ul {\n                            visibility: hidden !important;\n                            opacity: 0 !important;\n                        }\n                    <\/style>            <div data-hamburger-icon=\"&lt;i aria-hidden=&quot;true&quot; class=&quot;fas fa-bars&quot;&gt;&lt;\/i&gt;\" data-indicator-icon=\"&lt;i aria-hidden=&quot;true&quot; class=&quot;fas fa-angle-down&quot;&gt;&lt;\/i&gt;\" data-dropdown-indicator-icon=\"&lt;i class=&quot;fas fa-angle-down&quot;&gt;&lt;\/i&gt;\" class=\"eael-simple-menu-container eael-simple-menu--loading eael-simple-menu-align-right eael-simple-menu--stretch eael-simple-menu-dropdown-align-left preset-3\" data-hamburger-breakpoints=\"{&quot;mobile&quot;:&quot;Mobil Hochformat (&gt; 767px)&quot;,&quot;tablet&quot;:&quot;Tablet Hochformat (&gt; 1024px)&quot;,&quot;desktop&quot;:&quot;Desktop (&gt; 2400px)&quot;,&quot;none&quot;:&quot;None&quot;}\" data-hamburger-device=\"tablet\">\n                <ul id=\"menu-zur-stiftung\" class=\"eael-simple-menu eael-simple-menu-dropdown-animate-zoom-in eael-simple-menu-indicator eael-hamburger-left eael-simple-menu-horizontal\"><li id=\"menu-item-41650\" class=\"menu-item menu-item-type-post_type menu-item-object-page menu-item-41650 sydney-dropdown-li\"><a href=\"https:\/\/maedchenchor-hannover.de\/?page_id=41645\" class=\"sydney-dropdown-link\">> M\u00e4dchenchor Stiftung<\/a><\/li>\n<\/ul>                <button class=\"eael-simple-menu-toggle\">\n                    <span class=\"sr-only \">Hamburger Toggle Menu<\/span>\n                    <i aria-hidden=\"true\" class=\"fas fa-bars\"><\/i>                <\/button>\n            <\/div>\n            \t\t\t\t<\/div>\n\t\t\t\t<\/div>\n\t\t\t\t\t<\/div>\n\t\t<\/div>\n\t\t\t\t\t<\/div>\n\t\t<\/section>\n\t\t\t\t<section class=\"elementor-section elementor-top-section elementor-element elementor-element-7df8944 elementor-section-boxed elementor-section-height-default elementor-section-height-default\" data-id=\"7df8944\" data-element_type=\"section\" data-e-type=\"section\">\n\t\t\t\t\t\t<div class=\"elementor-container elementor-column-gap-default\">\n\t\t\t\t\t<div class=\"elementor-column elementor-col-100 elementor-top-column elementor-element elementor-element-93aea69\" data-id=\"93aea69\" data-element_type=\"column\" data-e-type=\"column\">\n\t\t\t<div class=\"elementor-widget-wrap elementor-element-populated\">\n\t\t\t\t\t\t<div class=\"elementor-element elementor-element-5ccedad elementor-widget elementor-widget-image\" data-id=\"5ccedad\" data-element_type=\"widget\" data-e-type=\"widget\" data-widget_type=\"image.default\">\n\t\t\t\t<div class=\"elementor-widget-container\">\n\t\t\t\t\t\t\t\t\t\t\t\t\t\t\t<img fetchpriority=\"high\" decoding=\"async\" width=\"822\" height=\"392\" src=\"https:\/\/maedchenchor-hannover.de\/wp-content\/uploads\/MCH-Freundeskreis-FlyerCover.jpg\" class=\"attachment-large size-large wp-image-37026\" alt=\"\" srcset=\"https:\/\/maedchenchor-hannover.de\/wp-content\/uploads\/MCH-Freundeskreis-FlyerCover.jpg 822w, https:\/\/maedchenchor-hannover.de\/wp-content\/uploads\/MCH-Freundeskreis-FlyerCover-300x143.jpg 300w, https:\/\/maedchenchor-hannover.de\/wp-content\/uploads\/MCH-Freundeskreis-FlyerCover-150x72.jpg 150w, https:\/\/maedchenchor-hannover.de\/wp-content\/uploads\/MCH-Freundeskreis-FlyerCover-768x366.jpg 768w, https:\/\/maedchenchor-hannover.de\/wp-content\/uploads\/MCH-Freundeskreis-FlyerCover-230x110.jpg 230w, https:\/\/maedchenchor-hannover.de\/wp-content\/uploads\/MCH-Freundeskreis-FlyerCover-350x167.jpg 350w, https:\/\/maedchenchor-hannover.de\/wp-content\/uploads\/MCH-Freundeskreis-FlyerCover-480x229.jpg 480w\" sizes=\"(max-width: 822px) 100vw, 822px\" \/>\t\t\t\t\t\t\t\t\t\t\t\t\t\t\t<\/div>\n\t\t\t\t<\/div>\n\t\t\t\t\t<\/div>\n\t\t<\/div>\n\t\t\t\t\t<\/div>\n\t\t<\/section>\n\t\t\t\t<section class=\"elementor-section elementor-top-section elementor-element elementor-element-5a44dee elementor-section-boxed elementor-section-height-default elementor-section-height-default\" data-id=\"5a44dee\" data-element_type=\"section\" data-e-type=\"section\">\n\t\t\t\t\t\t<div class=\"elementor-container elementor-column-gap-default\">\n\t\t\t\t\t<div class=\"elementor-column elementor-col-100 elementor-top-column elementor-element elementor-element-3e572d0\" data-id=\"3e572d0\" data-element_type=\"column\" data-e-type=\"column\">\n\t\t\t<div class=\"elementor-widget-wrap elementor-element-populated\">\n\t\t\t\t\t\t<div class=\"elementor-element elementor-element-c51c54b elementor-widget elementor-widget-accordion\" data-id=\"c51c54b\" data-element_type=\"widget\" data-e-type=\"widget\" data-widget_type=\"accordion.default\">\n\t\t\t\t<div class=\"elementor-widget-container\">\n\t\t\t\t\t\t\t<div class=\"elementor-accordion\">\n\t\t\t\t\t\t\t<div class=\"elementor-accordion-item\">\n\t\t\t\t\t<div id=\"elementor-tab-title-2061\" class=\"elementor-tab-title\" data-tab=\"1\" role=\"button\" aria-controls=\"elementor-tab-content-2061\" aria-expanded=\"false\">\n\t\t\t\t\t\t\t\t\t\t\t\t\t<span class=\"elementor-accordion-icon elementor-accordion-icon-left\" aria-hidden=\"true\">\n\t\t\t\t\t\t\t\t\t\t\t\t\t\t\t<span class=\"elementor-accordion-icon-closed\"><i class=\"fas fa-caret-down\"><\/i><\/span>\n\t\t\t\t\t\t\t\t<span class=\"elementor-accordion-icon-opened\"><i class=\"fas fa-caret-up\"><\/i><\/span>\n\t\t\t\t\t\t\t\t\t\t\t\t\t\t<\/span>\n\t\t\t\t\t\t\t\t\t\t\t\t<a class=\"elementor-accordion-title\" tabindex=\"0\">Jetzt Mitglied werden!<\/a>\n\t\t\t\t\t<\/div>\n\t\t\t\t\t<div id=\"elementor-tab-content-2061\" class=\"elementor-tab-content elementor-clearfix\" data-tab=\"1\" role=\"region\" aria-labelledby=\"elementor-tab-title-2061\"><p><em>Bitte f\u00fcllen Sie dieses<img decoding=\"async\" class=\"alignright wp-image-37097 size-thumbnail\" src=\"https:\/\/maedchenchor-hannover.de\/wp-content\/uploads\/Fk-LogoButton-150x138.png\" alt=\"\" width=\"150\" height=\"138\" srcset=\"https:\/\/maedchenchor-hannover.de\/wp-content\/uploads\/Fk-LogoButton-150x138.png 150w, https:\/\/maedchenchor-hannover.de\/wp-content\/uploads\/Fk-LogoButton-300x276.png 300w, https:\/\/maedchenchor-hannover.de\/wp-content\/uploads\/Fk-LogoButton-230x211.png 230w, https:\/\/maedchenchor-hannover.de\/wp-content\/uploads\/Fk-LogoButton-350x322.png 350w, https:\/\/maedchenchor-hannover.de\/wp-content\/uploads\/Fk-LogoButton.png 434w\" sizes=\"(max-width: 150px) 100vw, 150px\" \/> Formular aus und senden es an uns. Sie erhalten eine Best\u00e4tigungsmail.\u00a0 Innerhalb weniger Tage <\/em><em>senden wir Ihnen dann Ihre Beitragsbest\u00e4tigung mit weiteren Details und Information \u00fcber die Beitragszahlung. Herzlichen Dank!<\/em><\/p>\n<div class=\"wpcf7 no-js\" id=\"wpcf7-f37059-p41639-o1\" lang=\"de-DE\" dir=\"ltr\" data-wpcf7-id=\"37059\">\n<div class=\"screen-reader-response\"><p role=\"status\" aria-live=\"polite\" aria-atomic=\"true\"><\/p> <ul><\/ul><\/div>\n<form action=\"\/?page_id=41639#wpcf7-f37059-p41639-o1\" method=\"post\" class=\"wpcf7-form init\" aria-label=\"Kontaktformular\" novalidate=\"novalidate\" data-status=\"init\">\n<fieldset class=\"hidden-fields-container\"><input type=\"hidden\" name=\"_wpcf7\" value=\"37059\" \/><input type=\"hidden\" name=\"_wpcf7_version\" value=\"6.1.5\" \/><input type=\"hidden\" name=\"_wpcf7_locale\" value=\"de_DE\" \/><input type=\"hidden\" name=\"_wpcf7_unit_tag\" value=\"wpcf7-f37059-p41639-o1\" \/><input type=\"hidden\" name=\"_wpcf7_container_post\" value=\"41639\" \/><input type=\"hidden\" name=\"_wpcf7_posted_data_hash\" value=\"\" \/><input type=\"hidden\" name=\"_wpcf7_recaptcha_response\" value=\"\" \/>\n<\/fieldset>\n<p><label> <span style=\"color:red;font-size:1.4em;\">Beitrittserkl\u00e4rung zum Freundeskreis M\u00e4dchenchor Hannover <\/span> <\/label>\n<\/p>\n<p><span class=\"wpcf7-form-control-wrap\" data-name=\"checkbox-552\"><span class=\"wpcf7-form-control wpcf7-checkbox wpcf7-validates-as-required\"><span class=\"wpcf7-list-item first last\"><label><input type=\"checkbox\" name=\"checkbox-552[]\" value=\"Hiermit m\u00f6chte ich Mitglied im Freundeskreis M\u00e4dchenchor Hannover werden\" \/><span class=\"wpcf7-list-item-label\">Hiermit m\u00f6chte ich Mitglied im Freundeskreis M\u00e4dchenchor Hannover werden<\/span><\/label><\/span><\/span><\/span>\n<\/p>\n<hr \/>\n<p><label> Ihr Vor- und Nachname<br \/>\n<span class=\"wpcf7-form-control-wrap\" data-name=\"your-name\"><input size=\"40\" maxlength=\"400\" class=\"wpcf7-form-control wpcf7-text wpcf7-validates-as-required\" aria-required=\"true\" aria-invalid=\"false\" value=\"\" type=\"text\" name=\"your-name\" \/><\/span> <\/label>\n<\/p>\n<p><label> Ihr Geburtsdatum<br \/>\n<span class=\"wpcf7-form-control-wrap\" data-name=\"date-508\"><input class=\"wpcf7-form-control wpcf7-date wpcf7-validates-as-required wpcf7-validates-as-date\" aria-required=\"true\" aria-invalid=\"false\" value=\"\" type=\"date\" name=\"date-508\" \/><\/span> <\/label>\n<\/p>\n<p><label> Ihre Anschrift<br \/>\nStra\u00dfe und Nummer<br \/>\n<span class=\"wpcf7-form-control-wrap\" data-name=\"text-745\"><input size=\"40\" maxlength=\"400\" class=\"wpcf7-form-control wpcf7-text wpcf7-validates-as-required\" aria-required=\"true\" aria-invalid=\"false\" value=\"\" type=\"text\" name=\"text-745\" \/><\/span><\/label><br \/>\n<label> Postleitzahl und Ort<br \/>\n<span class=\"wpcf7-form-control-wrap\" data-name=\"text-796\"><input size=\"40\" maxlength=\"400\" class=\"wpcf7-form-control wpcf7-text wpcf7-validates-as-required\" aria-required=\"true\" aria-invalid=\"false\" value=\"\" type=\"text\" name=\"text-796\" \/><\/span><\/label>\n<\/p>\n<p><label> Ihre Telefonnummer<br \/>\n<span class=\"wpcf7-form-control-wrap\" data-name=\"tel-479\"><input size=\"40\" maxlength=\"400\" class=\"wpcf7-form-control wpcf7-tel wpcf7-text wpcf7-validates-as-tel\" aria-invalid=\"false\" value=\"\" type=\"tel\" name=\"tel-479\" \/><\/span><\/label>\n<\/p>\n<p><label> Ihre E-Mail-Adresse<br \/>\n<span class=\"wpcf7-form-control-wrap\" data-name=\"your-email\"><input size=\"40\" maxlength=\"400\" class=\"wpcf7-form-control wpcf7-email wpcf7-validates-as-required wpcf7-text wpcf7-validates-as-email\" aria-required=\"true\" aria-invalid=\"false\" value=\"\" type=\"email\" name=\"your-email\" \/><\/span> <\/label>\n<\/p>\n<p><label> Mein Jahresbeitrag f\u00fcr den Freundeskreis<br \/>\n<span class=\"wpcf7-form-control-wrap\" data-name=\"number-772\"><input class=\"wpcf7-form-control wpcf7-number wpcf7-validates-as-required wpcf7-validates-as-number\" min=\"10\" aria-required=\"true\" aria-invalid=\"false\" value=\"60\" type=\"number\" name=\"number-772\" \/><\/span> Euro <\/label><br \/>\n(ein Beitrag zwischen 60 und 120 Euro sichert mir eine neue CD des M\u00e4dchenchors; ab 120 Euro Beitrag erhalten ich zwei Freikarten f\u00fcr ein M\u00e4dchenchor-Konzert meiner Wahl)\n<\/p>\n<p><label>Raum f\u00fcr Ihre Anmerkungen:<br \/>\n<span class=\"wpcf7-form-control-wrap\" data-name=\"your-message\"><textarea cols=\"40\" rows=\"10\" maxlength=\"2000\" class=\"wpcf7-form-control wpcf7-textarea\" aria-invalid=\"false\" name=\"your-message\"><\/textarea><\/span> <\/label>\n<\/p>\n<p><span class=\"wpcf7-form-control-wrap\" data-name=\"checkbox-751\"><span class=\"wpcf7-form-control wpcf7-checkbox wpcf7-validates-as-required\"><span class=\"wpcf7-list-item first last\"><label><input type=\"checkbox\" name=\"checkbox-751[]\" value=\"Ich best\u00e4tige hiermit, Mitglied im Freundeskreis M\u00e4dchenchor Hannover werden zu wollen.\" \/><span class=\"wpcf7-list-item-label\">Ich best\u00e4tige hiermit, Mitglied im Freundeskreis M\u00e4dchenchor Hannover werden zu wollen.<\/span><\/label><\/span><\/span><\/span>\n<\/p>\n<p><span class=\"wpcf7-form-control-wrap\" data-name=\"your-consent\"><span class=\"wpcf7-form-control wpcf7-acceptance\"><span class=\"wpcf7-list-item\"><label><input type=\"checkbox\" name=\"your-consent\" value=\"1\" aria-invalid=\"false\" \/><span class=\"wpcf7-list-item-label\">Ich habe die <a href=\"https:\/\/maedchenchor-hannover.de\/?page_id=8648\"><u>Datenschutzbedingungen<\/u><\/a> gelesen und stimme diesen ausdr\u00fccklich zu.<\/span><\/label><\/span><\/span><\/span>\n<\/p>\n<span class=\"wpcf7-form-control-wrap recaptcha\" data-name=\"recaptcha\"><span data-sitekey=\"6LdGQdciAAAAAM5vc4CraKSa77j4jAWxc7l1jCGl\" data-align=\"center\" class=\"wpcf7-form-control wpcf7-recaptcha g-recaptcha\"><\/span>\r\n<noscript>\r\n\t<div class=\"grecaptcha-noscript\">\r\n\t\t<iframe src=\"https:\/\/www.google.com\/recaptcha\/api\/fallback?k=6LdGQdciAAAAAM5vc4CraKSa77j4jAWxc7l1jCGl\" frameborder=\"0\" scrolling=\"no\" width=\"310\" height=\"430\">\r\n\t\t<\/iframe>\r\n\t\t<textarea name=\"g-recaptcha-response\" rows=\"3\" cols=\"40\" placeholder=\"reCaptcha Response Here\">\r\n\t\t<\/textarea>\r\n\t<\/div>\r\n<\/noscript>\r\n<\/span>\n<p><input class=\"wpcf7-form-control wpcf7-submit has-spinner\" type=\"submit\" value=\"Absenden\" \/>\n<\/p><div class=\"wpcf7-response-output\" aria-hidden=\"true\"><\/div>\n<\/form>\n<\/div>\n<\/div>\n\t\t\t\t<\/div>\n\t\t\t\t\t\t\t<div class=\"elementor-accordion-item\">\n\t\t\t\t\t<div id=\"elementor-tab-title-2062\" class=\"elementor-tab-title\" data-tab=\"2\" role=\"button\" aria-controls=\"elementor-tab-content-2062\" aria-expanded=\"false\">\n\t\t\t\t\t\t\t\t\t\t\t\t\t<span class=\"elementor-accordion-icon elementor-accordion-icon-left\" aria-hidden=\"true\">\n\t\t\t\t\t\t\t\t\t\t\t\t\t\t\t<span class=\"elementor-accordion-icon-closed\"><i class=\"fas fa-caret-down\"><\/i><\/span>\n\t\t\t\t\t\t\t\t<span class=\"elementor-accordion-icon-opened\"><i class=\"fas fa-caret-up\"><\/i><\/span>\n\t\t\t\t\t\t\t\t\t\t\t\t\t\t<\/span>\n\t\t\t\t\t\t\t\t\t\t\t\t<a class=\"elementor-accordion-title\" tabindex=\"0\">Der Freundeskreis M\u00e4dchenchor f\u00f6rdert<\/a>\n\t\t\t\t\t<\/div>\n\t\t\t\t\t<div id=\"elementor-tab-content-2062\" class=\"elementor-tab-content elementor-clearfix\" data-tab=\"2\" role=\"region\" aria-labelledby=\"elementor-tab-title-2062\"><p>Besondere Begabungen<img decoding=\"async\" class=\"alignright wp-image-37042 size-full\" src=\"https:\/\/maedchenchor-hannover.de\/wp-content\/uploads\/Der-FK-foerdert.jpg\" alt=\"\" width=\"234\" height=\"290\" srcset=\"https:\/\/maedchenchor-hannover.de\/wp-content\/uploads\/Der-FK-foerdert.jpg 234w, https:\/\/maedchenchor-hannover.de\/wp-content\/uploads\/Der-FK-foerdert-121x150.jpg 121w, https:\/\/maedchenchor-hannover.de\/wp-content\/uploads\/Der-FK-foerdert-230x285.jpg 230w\" sizes=\"(max-width: 234px) 100vw, 234px\" \/> verdienen besondere Unterst\u00fctzung. Wir geben talentierten M\u00e4dchen die Chance, ihre Stimme zu entfalten und ausbilden zu lassen \u2013 und das ganz unabh\u00e4ngig von der Herkunft oder den finanziellen M\u00f6glichkeiten der Eltern. Die individuelle Stimmbildung der jungen S\u00e4ngerinnen im Einzelunterricht oder in kleinen Gruppen geh\u00f6rt zum Ausbildungskonzept des M\u00e4dchenchores und ist eine tragende S\u00e4ule seines gro\u00dfen Erfolges.<\/p><p><em>Der Freundeskreis \u00fcbernimmt einen Teil der Kosten f\u00fcr die Stimmbildung und sichert damit das hohe Niveau des Chores.<\/em><\/p><\/div>\n\t\t\t\t<\/div>\n\t\t\t\t\t\t\t<div class=\"elementor-accordion-item\">\n\t\t\t\t\t<div id=\"elementor-tab-title-2063\" class=\"elementor-tab-title\" data-tab=\"3\" role=\"button\" aria-controls=\"elementor-tab-content-2063\" aria-expanded=\"false\">\n\t\t\t\t\t\t\t\t\t\t\t\t\t<span class=\"elementor-accordion-icon elementor-accordion-icon-left\" aria-hidden=\"true\">\n\t\t\t\t\t\t\t\t\t\t\t\t\t\t\t<span class=\"elementor-accordion-icon-closed\"><i class=\"fas fa-caret-down\"><\/i><\/span>\n\t\t\t\t\t\t\t\t<span class=\"elementor-accordion-icon-opened\"><i class=\"fas fa-caret-up\"><\/i><\/span>\n\t\t\t\t\t\t\t\t\t\t\t\t\t\t<\/span>\n\t\t\t\t\t\t\t\t\t\t\t\t<a class=\"elementor-accordion-title\" tabindex=\"0\">Der Freundeskreis verbindet<\/a>\n\t\t\t\t\t<\/div>\n\t\t\t\t\t<div id=\"elementor-tab-content-2063\" class=\"elementor-tab-content elementor-clearfix\" data-tab=\"3\" role=\"region\" aria-labelledby=\"elementor-tab-title-2063\"><p>Wer einmal bei einem<img loading=\"lazy\" decoding=\"async\" class=\"alignright wp-image-37040 size-full\" src=\"https:\/\/maedchenchor-hannover.de\/wp-content\/uploads\/Der-FK-verbindet.jpg\" alt=\"\" width=\"235\" height=\"292\" srcset=\"https:\/\/maedchenchor-hannover.de\/wp-content\/uploads\/Der-FK-verbindet.jpg 235w, https:\/\/maedchenchor-hannover.de\/wp-content\/uploads\/Der-FK-verbindet-121x150.jpg 121w, https:\/\/maedchenchor-hannover.de\/wp-content\/uploads\/Der-FK-verbindet-230x286.jpg 230w\" sizes=\"(max-width: 235px) 100vw, 235px\" \/> Konzert des M\u00e4dchenchores war, hat gesp\u00fcrt, wie sehr sich diese jungen Menschen untereinander verbunden f\u00fchlen \u2013 und das seit unz\u00e4hligen Chorgenerationen! Die Proben, die Auftritte, die Konzertreisen, das Lampenfieber und der Applaus: Die M\u00e4dchen erleben diese intensiven Momente immer gemeinsam. Dieses Gef\u00fchl der Verbundenheit tr\u00e4gt die jungen Menschen durch die Zeit der Kindheit bis ins fr\u00fche Erwachsensein. Viele Freundschaften entstehen und halten ein Leben lang.<\/p><p><em>Der Freundeskreis unterst\u00fctzt den M\u00e4dchenchor dabei, die j\u00e4hrlichen Konzertreisen und Studientage zu finanzieren.<\/em><\/p><\/div>\n\t\t\t\t<\/div>\n\t\t\t\t\t\t\t<div class=\"elementor-accordion-item\">\n\t\t\t\t\t<div id=\"elementor-tab-title-2064\" class=\"elementor-tab-title\" data-tab=\"4\" role=\"button\" aria-controls=\"elementor-tab-content-2064\" aria-expanded=\"false\">\n\t\t\t\t\t\t\t\t\t\t\t\t\t<span class=\"elementor-accordion-icon elementor-accordion-icon-left\" aria-hidden=\"true\">\n\t\t\t\t\t\t\t\t\t\t\t\t\t\t\t<span class=\"elementor-accordion-icon-closed\"><i class=\"fas fa-caret-down\"><\/i><\/span>\n\t\t\t\t\t\t\t\t<span class=\"elementor-accordion-icon-opened\"><i class=\"fas fa-caret-up\"><\/i><\/span>\n\t\t\t\t\t\t\t\t\t\t\t\t\t\t<\/span>\n\t\t\t\t\t\t\t\t\t\t\t\t<a class=\"elementor-accordion-title\" tabindex=\"0\">Der Freundeskreis finanziert<\/a>\n\t\t\t\t\t<\/div>\n\t\t\t\t\t<div id=\"elementor-tab-content-2064\" class=\"elementor-tab-content elementor-clearfix\" data-tab=\"4\" role=\"region\" aria-labelledby=\"elementor-tab-title-2064\"><p>Bevor die M\u00e4dchen an den<img loading=\"lazy\" decoding=\"async\" class=\"alignright wp-image-37041 size-full\" src=\"https:\/\/maedchenchor-hannover.de\/wp-content\/uploads\/Der-FK-finanziert.jpg\" alt=\"\" width=\"232\" height=\"290\" srcset=\"https:\/\/maedchenchor-hannover.de\/wp-content\/uploads\/Der-FK-finanziert.jpg 232w, https:\/\/maedchenchor-hannover.de\/wp-content\/uploads\/Der-FK-finanziert-120x150.jpg 120w, https:\/\/maedchenchor-hannover.de\/wp-content\/uploads\/Der-FK-finanziert-230x288.jpg 230w\" sizes=\"(max-width: 232px) 100vw, 232px\" \/> Konzertreisen in alle Welt teilnehmen, haben sie schon in der vokalen Grundstufe, der Vorklasse und dem Nachwuchschor die Gelegenheit, ihre B\u00fchnenreife unter Beweis zu stellen. Dazu geh\u00f6ren Auftritte beim j\u00e4hrlichen <br \/>Neujahrskonzert in der Staatsoper, bei den Weihnachtskonzerten in der Marktkirche Hannover und zur feierlichen Aufnahme der neuen S\u00e4ngerinnen in jedem Fr\u00fchjahr. Auch CD-Einspielungen und Konzerte in Kooperation mit der NDR-Radiophilharmonie haben im j\u00e4hrlichen Chorprogramm einen festen Platz.<\/p><p><em>Sehr gern hilft der Freundeskreis dabei, diese Vielfalt an Aktivit\u00e4ten zu sichern und weiterhin auszubauen.<\/em><\/p><\/div>\n\t\t\t\t<\/div>\n\t\t\t\t\t\t\t<div class=\"elementor-accordion-item\">\n\t\t\t\t\t<div id=\"elementor-tab-title-2065\" class=\"elementor-tab-title\" data-tab=\"5\" role=\"button\" aria-controls=\"elementor-tab-content-2065\" aria-expanded=\"false\">\n\t\t\t\t\t\t\t\t\t\t\t\t\t<span class=\"elementor-accordion-icon elementor-accordion-icon-left\" aria-hidden=\"true\">\n\t\t\t\t\t\t\t\t\t\t\t\t\t\t\t<span class=\"elementor-accordion-icon-closed\"><i class=\"fas fa-caret-down\"><\/i><\/span>\n\t\t\t\t\t\t\t\t<span class=\"elementor-accordion-icon-opened\"><i class=\"fas fa-caret-up\"><\/i><\/span>\n\t\t\t\t\t\t\t\t\t\t\t\t\t\t<\/span>\n\t\t\t\t\t\t\t\t\t\t\t\t<a class=\"elementor-accordion-title\" tabindex=\"0\">Kunst braucht Gunst: wir brauchen Sie!<\/a>\n\t\t\t\t\t<\/div>\n\t\t\t\t\t<div id=\"elementor-tab-content-2065\" class=\"elementor-tab-content elementor-clearfix\" data-tab=\"5\" role=\"region\" aria-labelledby=\"elementor-tab-title-2065\"><p>Unsere Aufgaben sind nur<img loading=\"lazy\" decoding=\"async\" class=\"alignright wp-image-37043 size-full\" src=\"https:\/\/maedchenchor-hannover.de\/wp-content\/uploads\/Der-FK-Gunst-braucht-Gunst.jpg\" alt=\"\" width=\"237\" height=\"268\" srcset=\"https:\/\/maedchenchor-hannover.de\/wp-content\/uploads\/Der-FK-Gunst-braucht-Gunst.jpg 237w, https:\/\/maedchenchor-hannover.de\/wp-content\/uploads\/Der-FK-Gunst-braucht-Gunst-133x150.jpg 133w, https:\/\/maedchenchor-hannover.de\/wp-content\/uploads\/Der-FK-Gunst-braucht-Gunst-230x260.jpg 230w\" sizes=\"(max-width: 237px) 100vw, 237px\" \/> zu bew\u00e4ltigen, wenn sich m\u00f6glichst viele Menschen unserer Chorfamilie zugeh\u00f6rig f\u00fchlen: Eltern, Ehemalige, Freunde und F\u00f6rderer*innen.<\/p><p><strong>Wir laden Sie herzlich ein, Mitglied im Freundeskreis M\u00e4dchenchor Hannover e. V. zu werden!<\/strong><\/p><p>Unterst\u00fctzen Sie den Chor und damit die jungen S\u00e4ngerinnen mit einer finanziellen Spende \u2013 sehr gern auch mit Ihren Ideen und Anregungen.<\/p><\/div>\n\t\t\t\t<\/div>\n\t\t\t\t\t\t\t\t<\/div>\n\t\t\t\t\t\t<\/div>\n\t\t\t\t<\/div>\n\t\t\t\t\t<\/div>\n\t\t<\/div>\n\t\t\t\t\t<\/div>\n\t\t<\/section>\n\t\t\t\t<\/div>\n\t\t","protected":false},"excerpt":{"rendered":"<p>DER FREUNDESKREIS > M\u00e4dchenchor Stiftung Hamburger Toggle Menu Jetzt Mitglied [&hellip;]<\/p>\n","protected":false},"author":1,"featured_media":0,"parent":0,"menu_order":0,"comment_status":"closed","ping_status":"closed","template":"page-templates\/page_fullwidth.php","meta":{"footnotes":""},"class_list":["post-41639","page","type-page","status-publish","hentry"],"_links":{"self":[{"href":"https:\/\/maedchenchor-hannover.de\/index.php?rest_route=\/wp\/v2\/pages\/41639","targetHints":{"allow":["GET"]}}],"collection":[{"href":"https:\/\/maedchenchor-hannover.de\/index.php?rest_route=\/wp\/v2\/pages"}],"about":[{"href":"https:\/\/maedchenchor-hannover.de\/index.php?rest_route=\/wp\/v2\/types\/page"}],"author":[{"embeddable":true,"href":"https:\/\/maedchenchor-hannover.de\/index.php?rest_route=\/wp\/v2\/users\/1"}],"replies":[{"embeddable":true,"href":"https:\/\/maedchenchor-hannover.de\/index.php?rest_route=%2Fwp%2Fv2%2Fcomments&post=41639"}],"version-history":[{"count":7,"href":"https:\/\/maedchenchor-hannover.de\/index.php?rest_route=\/wp\/v2\/pages\/41639\/revisions"}],"predecessor-version":[{"id":41654,"href":"https:\/\/maedchenchor-hannover.de\/index.php?rest_route=\/wp\/v2\/pages\/41639\/revisions\/41654"}],"wp:attachment":[{"href":"https:\/\/maedchenchor-hannover.de\/index.php?rest_route=%2Fwp%2Fv2%2Fmedia&parent=41639"}],"curies":[{"name":"wp","href":"https:\/\/api.w.org\/{rel}","templated":true}]}}