{"id":24055,"date":"2021-03-23T10:32:08","date_gmt":"2021-03-23T09:32:08","guid":{"rendered":"https:\/\/maedchenchor-hannover.de\/?page_id=24055"},"modified":"2025-10-14T08:51:57","modified_gmt":"2025-10-14T06:51:57","slug":"der-chor-2-2-2-2-3","status":"publish","type":"page","link":"https:\/\/maedchenchor-hannover.de\/?page_id=24055","title":{"rendered":"MitarbeiterVorgruppen"},"content":{"rendered":"\t\t<div data-elementor-type=\"wp-post\" data-elementor-id=\"24055\" class=\"elementor elementor-24055\">\n\t\t\t\t\t\t<section class=\"elementor-section elementor-top-section elementor-element elementor-element-784dd8bb elementor-section-boxed elementor-section-height-default elementor-section-height-default\" data-id=\"784dd8bb\" data-element_type=\"section\" data-e-type=\"section\">\n\t\t\t\t\t\t<div class=\"elementor-container elementor-column-gap-default\">\n\t\t\t\t\t<div class=\"elementor-column elementor-col-50 elementor-top-column elementor-element elementor-element-69d755a4\" data-id=\"69d755a4\" data-element_type=\"column\" data-e-type=\"column\" data-settings=\"{&quot;background_background&quot;:&quot;classic&quot;}\">\n\t\t\t<div class=\"elementor-widget-wrap elementor-element-populated\">\n\t\t\t\t\t\t<div class=\"elementor-element elementor-element-2674e5a7 elementor-widget__width-initial elementor-widget elementor-widget-heading\" data-id=\"2674e5a7\" data-element_type=\"widget\" data-e-type=\"widget\" data-widget_type=\"heading.default\">\n\t\t\t\t<div class=\"elementor-widget-container\">\n\t\t\t\t\t<h4 class=\"elementor-heading-title elementor-size-default\">Chor- u. Singschule<\/h4>\t\t\t\t<\/div>\n\t\t\t\t<\/div>\n\t\t\t\t\t<\/div>\n\t\t<\/div>\n\t\t\t\t<div class=\"elementor-column elementor-col-50 elementor-top-column elementor-element elementor-element-2a8bcbeb\" data-id=\"2a8bcbeb\" data-element_type=\"column\" data-e-type=\"column\">\n\t\t\t<div class=\"elementor-widget-wrap elementor-element-populated\">\n\t\t\t\t\t\t<div class=\"elementor-element elementor-element-187849d8 elementor-widget__width-initial eael_simple_menu_hamburger_disable_selected_menu_no eael-simple-menu-hamburger-align-right eael-hamburger--tablet elementor-widget elementor-widget-eael-simple-menu\" data-id=\"187849d8\" data-element_type=\"widget\" data-e-type=\"widget\" data-settings=\"{&quot;_animation&quot;:&quot;none&quot;}\" data-widget_type=\"eael-simple-menu.default\">\n\t\t\t\t<div class=\"elementor-widget-container\">\n\t\t\t\t\t<style>\n                        @media screen and (max-width: 1024px) {\n                            .eael-hamburger--tablet {\n                                .eael-simple-menu-horizontal,\n                                .eael-simple-menu-vertical {\n                                    display: none;\n                                }\n                            }\n                            .eael-hamburger--tablet {\n                                .eael-simple-menu-container .eael-simple-menu-toggle {\n                                    display: block;\n                                }\n                            }\n                        }\n                        .eael-simple-menu-container.eael-simple-menu--loading > ul {\n                            display: -webkit-box !important;\n                            display: -ms-flexbox !important;\n                            display: flex !important;\n                            list-style: none !important;\n                        }\n                        .eael-simple-menu-container.eael-simple-menu--loading li ul {\n                            visibility: hidden !important;\n                            opacity: 0 !important;\n                        }\n                    <\/style>            <div data-hamburger-icon=\"&lt;i aria-hidden=&quot;true&quot; class=&quot;fas fa-bars&quot;&gt;&lt;\/i&gt;\" data-indicator-icon=\"&lt;i aria-hidden=&quot;true&quot; class=&quot;fas fa-angle-down&quot;&gt;&lt;\/i&gt;\" data-dropdown-indicator-icon=\"&lt;i class=&quot;fas fa-angle-down&quot;&gt;&lt;\/i&gt;\" class=\"eael-simple-menu-container eael-simple-menu--loading eael-simple-menu-align-right eael-simple-menu--stretch eael-simple-menu-dropdown-align-left preset-1\" data-hamburger-breakpoints=\"{&quot;mobile&quot;:&quot;Mobil Hochformat (&gt; 767px)&quot;,&quot;tablet&quot;:&quot;Tablet Hochformat (&gt; 1024px)&quot;,&quot;desktop&quot;:&quot;Desktop (&gt; 2400px)&quot;,&quot;none&quot;:&quot;None&quot;}\" data-hamburger-device=\"tablet\">\n                <ul id=\"menu-chorschule\" class=\"eael-simple-menu eael-simple-menu-dropdown-animate-zoom-in eael-simple-menu-indicator eael-hamburger-left eael-simple-menu-horizontal\"><li id=\"menu-item-34767\" class=\"menu-item menu-item-type-custom menu-item-object-custom menu-item-34767 sydney-dropdown-li\"><a href=\"https:\/\/maedchenchor-hannover.de\/?page_id=10\" class=\"sydney-dropdown-link\">Chorgruppen<\/a><\/li>\n<li id=\"menu-item-34768\" class=\"menu-item menu-item-type-custom menu-item-object-custom menu-item-34768 sydney-dropdown-li\"><a href=\"https:\/\/maedchenchor-hannover.de\/?page_id=24034\" class=\"sydney-dropdown-link\">Gruppenleitung<\/a><\/li>\n<li id=\"menu-item-34769\" class=\"menu-item menu-item-type-custom menu-item-object-custom menu-item-34769 sydney-dropdown-li\"><a href=\"https:\/\/maedchenchor-hannover.de\/?page_id=24055\" class=\"sydney-dropdown-link\">K\u00fcnstlerische Mitarbeit<\/a><\/li>\n<li id=\"menu-item-34770\" class=\"menu-item menu-item-type-custom menu-item-object-custom menu-item-34770 sydney-dropdown-li\"><a href=\"https:\/\/maedchenchor-hannover.de\/?page_id=24089\" class=\"sydney-dropdown-link\">Die Gremien<\/a><\/li>\n<\/ul>                <button class=\"eael-simple-menu-toggle\">\n                    <span class=\"sr-only \">Hamburger Toggle Menu<\/span>\n                    <i aria-hidden=\"true\" class=\"fas fa-bars\"><\/i>                <\/button>\n            <\/div>\n            \t\t\t\t<\/div>\n\t\t\t\t<\/div>\n\t\t\t\t\t<\/div>\n\t\t<\/div>\n\t\t\t\t\t<\/div>\n\t\t<\/section>\n\t\t\t\t<section class=\"elementor-section elementor-top-section elementor-element elementor-element-64767997 elementor-section-boxed elementor-section-height-default elementor-section-height-default\" data-id=\"64767997\" data-element_type=\"section\" data-e-type=\"section\">\n\t\t\t\t\t\t<div class=\"elementor-container elementor-column-gap-default\">\n\t\t\t\t\t<div class=\"elementor-column elementor-col-100 elementor-top-column elementor-element elementor-element-26a56476\" data-id=\"26a56476\" data-element_type=\"column\" data-e-type=\"column\">\n\t\t\t<div class=\"elementor-widget-wrap elementor-element-populated\">\n\t\t\t\t\t\t<div class=\"elementor-element elementor-element-6e506a62 elementor-widget elementor-widget-eael-adv-tabs\" data-id=\"6e506a62\" data-element_type=\"widget\" data-e-type=\"widget\" data-widget_type=\"eael-adv-tabs.default\">\n\t\t\t\t<div class=\"elementor-widget-container\">\n\t\t\t\t\t        <div data-scroll-on-click=\"no\" data-scroll-speed=\"300\" id=\"eael-advance-tabs-6e506a62\" class=\"eael-advance-tabs eael-tabs-horizontal eael-tab-auto-active \" data-tabid=\"6e506a62\">\n            <div class=\"eael-tabs-nav \">\n                <ul class=\"\" role=\"tablist\">\n                                            <li id=\"pianist\" class=\"inactive eael-tab-item-trigger eael-tab-nav-item\" aria-selected=\"true\" data-tab=\"1\" role=\"tab\" tabindex=\"0\" aria-controls=\"pianist-tab\" aria-expanded=\"false\">\n                            \n                            \n                            \n                                                            <span class=\"eael-tab-title title-after-icon\" >Pianist<\/span>                                                    <\/li>\n                                            <li id=\"stimmbildnerinnen\" class=\"inactive eael-tab-item-trigger eael-tab-nav-item\" aria-selected=\"false\" data-tab=\"2\" role=\"tab\" tabindex=\"-1\" aria-controls=\"stimmbildnerinnen-tab\" aria-expanded=\"false\">\n                            \n                            \n                            \n                                                            <span class=\"eael-tab-title title-after-icon\" >Stimmbildner\/innen<\/span>                                                    <\/li>\n                                            <li id=\"probenassistenz\" class=\"inactive eael-tab-item-trigger eael-tab-nav-item\" aria-selected=\"false\" data-tab=\"3\" role=\"tab\" tabindex=\"-1\" aria-controls=\"probenassistenz-tab\" aria-expanded=\"false\">\n                            \n                            \n                            \n                                                            <span class=\"eael-tab-title title-after-icon\" >Probenassistenz<\/span>                                                    <\/li>\n                    \n                                  <\/ul>\n            <\/div>\n            \n            <div class=\"eael-tabs-content\">\n\t\t        \n                    <div id=\"pianist-tab\" class=\"clearfix eael-tab-content-item inactive\" data-title-link=\"pianist-tab\">\n\t\t\t\t        <h4 class=\"headline1\">Nicolai Kr\u00fcgel<\/h4><p><a href=\"http:\/\/maedchenchor-hannover.de\/wp-content\/uploads\/NKruegel.jpg\"><img fetchpriority=\"high\" decoding=\"async\" class=\"alignright wp-image-6747 size-full\" src=\"http:\/\/maedchenchor-hannover.de\/wp-content\/uploads\/NKruegel.jpg\" alt=\"\" width=\"600\" height=\"459\" srcset=\"https:\/\/maedchenchor-hannover.de\/wp-content\/uploads\/NKruegel.jpg 600w, https:\/\/maedchenchor-hannover.de\/wp-content\/uploads\/NKruegel-300x230.jpg 300w, https:\/\/maedchenchor-hannover.de\/wp-content\/uploads\/NKruegel-230x176.jpg 230w, https:\/\/maedchenchor-hannover.de\/wp-content\/uploads\/NKruegel-350x268.jpg 350w, https:\/\/maedchenchor-hannover.de\/wp-content\/uploads\/NKruegel-480x367.jpg 480w\" sizes=\"(max-width: 600px) 100vw, 600px\" \/><\/a>Nicolai Kr\u00fcgel erhielt seinen ersten Klavierunterricht bei Hella Sperschneider in seiner Heimatstadt Kiel. Er studierte in Weimar bei Gerlinde Otto und Thomas Steinh\u00f6fel. Dar\u00fcber hinaus absolvierte er Meisterkurse bei Ferenc Rados und Paul Badura-Skoda und rundete seine Ausbildung mit der \u201eMeisterklasse Lied\u201c an der Hochschule f\u00fcr Musik und Theater M\u00fcnchen bei Helmut Deutsch und Rudi Spring ab.<br \/>Anschlie\u00dfend war Nicolai Kr\u00fcgel drei Jahre als Korrepetitor im Opernstudio der Bayerischen Staatsoper t\u00e4tig. Seit 2010 ist er freischaffender Pianist, Korrepetitor und Klavierlehrer.<\/p><p><br \/>Er konzertiert als Solist, Kammermusikpartner und Liedbegleiter u.a. bei den \u201eSommerlichen Musiktagen Hitzacker\u201c, den \u201eMerseburger Orgeltagen\u201c, im Gro\u00dfen Sendesaal des NDR in Hannover sowie in der National Concert Hall in Dublin. Nicolai Kr\u00fcgel begleitet Ensemblemitglieder der Opernh\u00e4user in M\u00fcnchen, Wien und D\u00fcsseldorf, den M\u00e4dchenchor Hannover sowie Instrumentalisten der Staatsopern M\u00fcnchen und Hannover, des Gewandhausorchesters Leipzig und der Deutschen Oper Berlin. Er arbeitet mit Dirigenten wie Kent Nagano, Kirill Petrenko und Andris Nelsons zusammen und war Stipendiat der \u201eYehudi Menuhin Stiftung\u201c.<\/p>                    <\/div>\n\t\t        \n                    <div id=\"stimmbildnerinnen-tab\" class=\"clearfix eael-tab-content-item inactive\" data-title-link=\"stimmbildnerinnen-tab\">\n\t\t\t\t        <p style=\"font-size: 1.2em;text-align: center\">Alexandra Dieck<br \/>J\u00f6rg Erler<br \/>Uta Mehlig<br \/>Katharina Sternberg<br \/>Ania Vegry<br \/>Esther Weigold (<a href=\"https:\/\/maedchenchor-hannover.de\/wp-content\/uploads\/Hyun-Kyung-Weigold-Biographie_Stand_2025.pdf\" target=\"_blank\" rel=\"noopener\"><span style=\"text-decoration: underline;font-size: .7em\">hier CV als PDF<\/span><\/a>)<\/p>                    <\/div>\n\t\t        \n                    <div id=\"probenassistenz-tab\" class=\"clearfix eael-tab-content-item inactive\" data-title-link=\"probenassistenz-tab\">\n\t\t\t\t        <h4 class=\"headline1\">Maria Ravvina<\/h4><p><a href=\"https:\/\/maedchenchor-hannover.de\/wp-content\/uploads\/Maria_Ravvina.jpg\"><img decoding=\"async\" class=\"alignright size-full\" src=\"https:\/\/maedchenchor-hannover.de\/wp-content\/uploads\/Maria_Ravvina.jpg\" alt=\"\" width=\"600\" height=\"459\" \/><\/a>Maria Ravvina sammelte ihre ersten pr\u00e4genden musikalischen Erfahrungen im Fr\u00fchstudium an der Hochschule f\u00fcr Musik, Theater und Medien Hannover. Im Bachelorstudium entdeckte sie ihre Begeisterung gleicherma\u00dfen f\u00fcr Gesang und f\u00fcr Chorleiten. Sie studierte Dirigieren bei Andreas Felber und Musiktheorie bei Castor Landvogt an der HMTM Hannover und befindet sich derzeit im Masterstudiengang Dirigieren bei Florian Lohmann und Christoph Altstaedt an der Hochschule f\u00fcr Musik und Darstellende Kunst Frankfurt.<\/p><p>Wertvolle Gesangs- und Dirigiererfahrung erhielt Maria Ravvina in Meisterkursen und Projekten mit Klaas Stok, Yuval Weinberg, Anne Kohler und Justin Doyle. Sie ist Mitglied verschiedener Ensembles wie dem Bundesjugendchor und dem ENSEMBLE SOZUSINGEN, au\u00dferdem leitet sie das hannoversche Vokalensemble vox aeterna. Dirigierassistenzen f\u00fchrten sie zur Z\u00fcrcher SingAkademie und zum RIAS Kammerchor.<\/p><p>Seit 2022 ist Maria Ravvina als Assistenz des k\u00fcnstlerischen Leiters beim M\u00e4dchenchor Hannover t\u00e4tig. Zu ihren Aufgaben geh\u00f6ren die Leitung von Stimmproben, die Vermittlung von Musiktheorie sowie musikalische Assistenzen bei Hauptproben und CD-Aufnahmen.<\/p>                    <\/div>\n\t\t                    <\/div>\n        <\/div>\n\t\t\t\t<\/div>\n\t\t\t\t<\/div>\n\t\t\t\t\t<\/div>\n\t\t<\/div>\n\t\t\t\t\t<\/div>\n\t\t<\/section>\n\t\t\t\t<\/div>\n\t\t","protected":false},"excerpt":{"rendered":"<p>Chor- u. Singschule Chorgruppen Gruppenleitung K\u00fcnstlerische Mitarbeit Die Gremien Hamburger [&hellip;]<\/p>\n","protected":false},"author":1,"featured_media":0,"parent":0,"menu_order":0,"comment_status":"closed","ping_status":"closed","template":"page-templates\/page_fullwidth.php","meta":{"footnotes":""},"class_list":["post-24055","page","type-page","status-publish","hentry"],"_links":{"self":[{"href":"https:\/\/maedchenchor-hannover.de\/index.php?rest_route=\/wp\/v2\/pages\/24055","targetHints":{"allow":["GET"]}}],"collection":[{"href":"https:\/\/maedchenchor-hannover.de\/index.php?rest_route=\/wp\/v2\/pages"}],"about":[{"href":"https:\/\/maedchenchor-hannover.de\/index.php?rest_route=\/wp\/v2\/types\/page"}],"author":[{"embeddable":true,"href":"https:\/\/maedchenchor-hannover.de\/index.php?rest_route=\/wp\/v2\/users\/1"}],"replies":[{"embeddable":true,"href":"https:\/\/maedchenchor-hannover.de\/index.php?rest_route=%2Fwp%2Fv2%2Fcomments&post=24055"}],"version-history":[{"count":91,"href":"https:\/\/maedchenchor-hannover.de\/index.php?rest_route=\/wp\/v2\/pages\/24055\/revisions"}],"predecessor-version":[{"id":42596,"href":"https:\/\/maedchenchor-hannover.de\/index.php?rest_route=\/wp\/v2\/pages\/24055\/revisions\/42596"}],"wp:attachment":[{"href":"https:\/\/maedchenchor-hannover.de\/index.php?rest_route=%2Fwp%2Fv2%2Fmedia&parent=24055"}],"curies":[{"name":"wp","href":"https:\/\/api.w.org\/{rel}","templated":true}]}}