{"id":24034,"date":"2021-03-23T10:16:21","date_gmt":"2021-03-23T09:16:21","guid":{"rendered":"https:\/\/maedchenchor-hannover.de\/?page_id=24034"},"modified":"2025-10-14T08:49:21","modified_gmt":"2025-10-14T06:49:21","slug":"chorleitung-3","status":"publish","type":"page","link":"https:\/\/maedchenchor-hannover.de\/?page_id=24034","title":{"rendered":"Chorschule-Gruppenleitung"},"content":{"rendered":"\t\t<div data-elementor-type=\"wp-post\" data-elementor-id=\"24034\" class=\"elementor elementor-24034\">\n\t\t\t\t\t\t<section class=\"elementor-section elementor-top-section elementor-element elementor-element-2e6b0376 elementor-section-boxed elementor-section-height-default elementor-section-height-default\" data-id=\"2e6b0376\" data-element_type=\"section\" data-e-type=\"section\">\n\t\t\t\t\t\t<div class=\"elementor-container elementor-column-gap-default\">\n\t\t\t\t\t<div class=\"elementor-column elementor-col-50 elementor-top-column elementor-element elementor-element-7236d656\" data-id=\"7236d656\" data-element_type=\"column\" data-e-type=\"column\" data-settings=\"{&quot;background_background&quot;:&quot;classic&quot;}\">\n\t\t\t<div class=\"elementor-widget-wrap elementor-element-populated\">\n\t\t\t\t\t\t<div class=\"elementor-element elementor-element-654b984b elementor-widget__width-initial elementor-widget elementor-widget-heading\" data-id=\"654b984b\" data-element_type=\"widget\" data-e-type=\"widget\" data-widget_type=\"heading.default\">\n\t\t\t\t<div class=\"elementor-widget-container\">\n\t\t\t\t\t<h4 class=\"elementor-heading-title elementor-size-default\">Chor- u. Singschule<\/h4>\t\t\t\t<\/div>\n\t\t\t\t<\/div>\n\t\t\t\t\t<\/div>\n\t\t<\/div>\n\t\t\t\t<div class=\"elementor-column elementor-col-50 elementor-top-column elementor-element elementor-element-5ce5cfed\" data-id=\"5ce5cfed\" data-element_type=\"column\" data-e-type=\"column\">\n\t\t\t<div class=\"elementor-widget-wrap elementor-element-populated\">\n\t\t\t\t\t\t<div class=\"elementor-element elementor-element-11ac3f02 elementor-widget__width-initial eael_simple_menu_hamburger_disable_selected_menu_no eael-simple-menu-hamburger-align-right eael-hamburger--tablet elementor-widget elementor-widget-eael-simple-menu\" data-id=\"11ac3f02\" data-element_type=\"widget\" data-e-type=\"widget\" data-settings=\"{&quot;_animation&quot;:&quot;none&quot;}\" data-widget_type=\"eael-simple-menu.default\">\n\t\t\t\t<div class=\"elementor-widget-container\">\n\t\t\t\t\t<style>\n                        @media screen and (max-width: 1024px) {\n                            .eael-hamburger--tablet {\n                                .eael-simple-menu-horizontal,\n                                .eael-simple-menu-vertical {\n                                    display: none;\n                                }\n                            }\n                            .eael-hamburger--tablet {\n                                .eael-simple-menu-container .eael-simple-menu-toggle {\n                                    display: block;\n                                }\n                            }\n                        }\n                        .eael-simple-menu-container.eael-simple-menu--loading > ul {\n                            display: -webkit-box !important;\n                            display: -ms-flexbox !important;\n                            display: flex !important;\n                            list-style: none !important;\n                        }\n                        .eael-simple-menu-container.eael-simple-menu--loading li ul {\n                            visibility: hidden !important;\n                            opacity: 0 !important;\n                        }\n                    <\/style>            <div data-hamburger-icon=\"&lt;i aria-hidden=&quot;true&quot; class=&quot;fas fa-bars&quot;&gt;&lt;\/i&gt;\" data-indicator-icon=\"&lt;i aria-hidden=&quot;true&quot; class=&quot;fas fa-angle-down&quot;&gt;&lt;\/i&gt;\" data-dropdown-indicator-icon=\"&lt;i class=&quot;fas fa-angle-down&quot;&gt;&lt;\/i&gt;\" class=\"eael-simple-menu-container eael-simple-menu--loading eael-simple-menu-align-right eael-simple-menu--stretch eael-simple-menu-dropdown-align-left preset-1\" data-hamburger-breakpoints=\"{&quot;mobile&quot;:&quot;Mobil Hochformat (&gt; 767px)&quot;,&quot;tablet&quot;:&quot;Tablet Hochformat (&gt; 1024px)&quot;,&quot;desktop&quot;:&quot;Desktop (&gt; 2400px)&quot;,&quot;none&quot;:&quot;None&quot;}\" data-hamburger-device=\"tablet\">\n                <ul id=\"menu-chorschule\" class=\"eael-simple-menu eael-simple-menu-dropdown-animate-zoom-in eael-simple-menu-indicator eael-hamburger-left eael-simple-menu-horizontal\"><li id=\"menu-item-34767\" class=\"menu-item menu-item-type-custom menu-item-object-custom menu-item-34767 sydney-dropdown-li\"><a href=\"https:\/\/maedchenchor-hannover.de\/?page_id=10\" class=\"sydney-dropdown-link\">Chorgruppen<\/a><\/li>\n<li id=\"menu-item-34768\" class=\"menu-item menu-item-type-custom menu-item-object-custom menu-item-34768 sydney-dropdown-li\"><a href=\"https:\/\/maedchenchor-hannover.de\/?page_id=24034\" class=\"sydney-dropdown-link\">Gruppenleitung<\/a><\/li>\n<li id=\"menu-item-34769\" class=\"menu-item menu-item-type-custom menu-item-object-custom menu-item-34769 sydney-dropdown-li\"><a href=\"https:\/\/maedchenchor-hannover.de\/?page_id=24055\" class=\"sydney-dropdown-link\">K\u00fcnstlerische Mitarbeit<\/a><\/li>\n<li id=\"menu-item-34770\" class=\"menu-item menu-item-type-custom menu-item-object-custom menu-item-34770 sydney-dropdown-li\"><a href=\"https:\/\/maedchenchor-hannover.de\/?page_id=24089\" class=\"sydney-dropdown-link\">Die Gremien<\/a><\/li>\n<\/ul>                <button class=\"eael-simple-menu-toggle\">\n                    <span class=\"sr-only \">Hamburger Toggle Menu<\/span>\n                    <i aria-hidden=\"true\" class=\"fas fa-bars\"><\/i>                <\/button>\n            <\/div>\n            \t\t\t\t<\/div>\n\t\t\t\t<\/div>\n\t\t\t\t\t<\/div>\n\t\t<\/div>\n\t\t\t\t\t<\/div>\n\t\t<\/section>\n\t\t\t\t<section class=\"elementor-section elementor-top-section elementor-element elementor-element-5a1e443a elementor-section-boxed elementor-section-height-default elementor-section-height-default\" data-id=\"5a1e443a\" data-element_type=\"section\" data-e-type=\"section\">\n\t\t\t\t\t\t<div class=\"elementor-container elementor-column-gap-no\">\n\t\t\t\t\t<div class=\"elementor-column elementor-col-100 elementor-top-column elementor-element elementor-element-5a3dcb9a\" data-id=\"5a3dcb9a\" data-element_type=\"column\" data-e-type=\"column\">\n\t\t\t<div class=\"elementor-widget-wrap elementor-element-populated\">\n\t\t\t\t\t\t<div class=\"elementor-element elementor-element-6739a76f elementor-widget elementor-widget-eael-adv-tabs\" data-id=\"6739a76f\" data-element_type=\"widget\" data-e-type=\"widget\" data-widget_type=\"eael-adv-tabs.default\">\n\t\t\t\t<div class=\"elementor-widget-container\">\n\t\t\t\t\t        <div data-scroll-on-click=\"no\" data-scroll-speed=\"300\" id=\"eael-advance-tabs-6739a76f\" class=\"eael-advance-tabs eael-tabs-horizontal eael-tab-auto-active \" data-tabid=\"6739a76f\">\n            <div class=\"eael-tabs-nav \">\n                <ul class=\"\" role=\"tablist\">\n                                            <li id=\"konzertchor\" class=\"active-default eael-tab-item-trigger eael-tab-nav-item\" aria-selected=\"true\" data-tab=\"1\" role=\"tab\" tabindex=\"0\" aria-controls=\"konzertchor-tab\" aria-expanded=\"false\">\n                            \n                            \n                            \n                                                            <span class=\"eael-tab-title title-after-icon\" >Konzertchor<\/span>                                                    <\/li>\n                                            <li id=\"nachwuchschor\" class=\"inactive eael-tab-item-trigger eael-tab-nav-item\" aria-selected=\"false\" data-tab=\"2\" role=\"tab\" tabindex=\"-1\" aria-controls=\"nachwuchschor-tab\" aria-expanded=\"false\">\n                            \n                            \n                            \n                                                            <span class=\"eael-tab-title title-after-icon\" >Nachwuchschor<\/span>                                                    <\/li>\n                                            <li id=\"vorklasse\" class=\"inactive eael-tab-item-trigger eael-tab-nav-item\" aria-selected=\"false\" data-tab=\"3\" role=\"tab\" tabindex=\"-1\" aria-controls=\"vorklasse-tab\" aria-expanded=\"false\">\n                            \n                            \n                            \n                                                            <span class=\"eael-tab-title title-after-icon\" >Vorklasse<\/span>                                                    <\/li>\n                                            <li id=\"vokale-grundstufe\" class=\"inactive eael-tab-item-trigger eael-tab-nav-item\" aria-selected=\"false\" data-tab=\"4\" role=\"tab\" tabindex=\"-1\" aria-controls=\"vokale-grundstufe-tab\" aria-expanded=\"false\">\n                            \n                            \n                            \n                                                            <span class=\"eael-tab-title title-after-icon\" >Vokale Grundstufe<\/span>                                                    <\/li>\n                    \n                                  <\/ul>\n            <\/div>\n            \n            <div class=\"eael-tabs-content\">\n\t\t        \n                    <div id=\"konzertchor-tab\" class=\"clearfix eael-tab-content-item active-default\" data-title-link=\"konzertchor-tab\">\n\t\t\t\t        <h5>Prof. Andreas Felber<\/h5>\n<img fetchpriority=\"high\" decoding=\"async\" class=\"alignleft wp-image-7001 size-full\" src=\"https:\/\/maedchenchor-hannover.de\/wp-content\/uploads\/AFelber.png\" alt=\"\" width=\"252\" height=\"276\" srcset=\"https:\/\/maedchenchor-hannover.de\/wp-content\/uploads\/AFelber.png 252w, https:\/\/maedchenchor-hannover.de\/wp-content\/uploads\/AFelber-230x252.png 230w\" sizes=\"(max-width: 252px) 100vw, 252px\" \/>\n\nAndreas Felber wurde 1983 in Luzern geboren, wo er aufwuchs und langj\u00e4hriges Mitglied der Luzerner S\u00e4ngerknaben war. Er studierte Chorleitung bei Ulrike Grosch und Stefan Albrecht sowie Gesang bei Liliane Z\u00fcrcher an der Musikhochschule Luzern und schloss beide Ausbildungen mit Auszeichnung ab.\n\nSeit 2004 leitet er das Schweizer Ensemble molto cantabile, mit dem er nationale und internationale Erfolge feiern konnte, u.a. als Preistr\u00e4ger der Wettbewerbe in Tolosa, Cork und Spittal an der Drau. Von 2007 bis 2012 war Andreas Felber musikalischer Leiter des Kammerchores Luzern und von 2012 bis 2016 Dirigent des Vokalensembles ProMusicaViva.\n\nVon 2011 bis 2015 dirigierte er au\u00dferdem den Schweizer Jugendchor zusammen mit seinem Kollegen Dominique Tille. Der Chor errang u.a. einen 2. Preis beim Internationalen Kammerchor-Wettbewerb Marktoberdorf.\n\nNach einer \u00dcbergangsphase als k\u00fcnstlerische Doppelspitze 2017-2018 ist Andreas Felber seit dem 1. Januar 2019 k\u00fcnstlerischer Leiter des M\u00e4dchenchor Hannover. Er ist weiterhin musikalischer Leiter des professionellen Kammerchores am renommierten Davos Festival und st\u00e4ndiger Gastdirigent der Z\u00fcrcher Sing-Akademie \u2013 dem professionellen Partnerchor der Tonhalle Z\u00fcrich -, welche er in der Saison 2016\/17 interimistisch leitet. Gastdirigate f\u00fchrten ihn au\u00dferdem bereits nach Deutschland, China, Ungarn, Belgien und Italien. Die Arbeit mit zeitgen\u00f6ssischen Komponistinnen und Komponisten liegt ihm besonders am Herzen.                    <\/div>\n\t\t        \n                    <div id=\"nachwuchschor-tab\" class=\"clearfix eael-tab-content-item inactive\" data-title-link=\"nachwuchschor-tab\">\n\t\t\t\t        <h5>Julia Wolf<\/h5><p><a href=\"https:\/\/maedchenchor-hannover.de\/wp-content\/uploads\/20230504KN141-scaled.jpg\"><img decoding=\"async\" class=\"alignleft wp-image-33884 size-medium\" src=\"https:\/\/maedchenchor-hannover.de\/wp-content\/uploads\/20230504KN141-300x210.jpg\" alt=\"\" width=\"300\" height=\"210\" srcset=\"https:\/\/maedchenchor-hannover.de\/wp-content\/uploads\/20230504KN141-300x210.jpg 300w, https:\/\/maedchenchor-hannover.de\/wp-content\/uploads\/20230504KN141-1024x718.jpg 1024w, https:\/\/maedchenchor-hannover.de\/wp-content\/uploads\/20230504KN141-150x105.jpg 150w, https:\/\/maedchenchor-hannover.de\/wp-content\/uploads\/20230504KN141-768x539.jpg 768w, https:\/\/maedchenchor-hannover.de\/wp-content\/uploads\/20230504KN141-1536x1078.jpg 1536w, https:\/\/maedchenchor-hannover.de\/wp-content\/uploads\/20230504KN141-2048x1437.jpg 2048w, https:\/\/maedchenchor-hannover.de\/wp-content\/uploads\/20230504KN141-1000x702.jpg 1000w, https:\/\/maedchenchor-hannover.de\/wp-content\/uploads\/20230504KN141-230x161.jpg 230w, https:\/\/maedchenchor-hannover.de\/wp-content\/uploads\/20230504KN141-350x246.jpg 350w, https:\/\/maedchenchor-hannover.de\/wp-content\/uploads\/20230504KN141-480x337.jpg 480w\" sizes=\"(max-width: 300px) 100vw, 300px\" \/><\/a><\/p><p>Julia Wolf studierte Musik und Germanistik an der Hochschule f\u00fcr Musik, Theater und Medien Hannover sowie an der Universit\u00e4t Hannover. Schon in ihrer Heimatstadt Hildesheim entdeckte sie die Leidenschaft f\u00fcr die Musik und die Chorarbeit und widmete sich schon zu Jugendzeiten der Entwicklung ihres ersten Kinderchores. Diesen Schwerpunkt bildete sie im Rahmen ihres Studiums weiter aus und singt selbst seit fr\u00fchester Kindheit in leistungsorientierten Ch\u00f6ren. Konzertreisen f\u00fchrten sie in den letzten Jahren neben europ\u00e4ischen L\u00e4ndern u.a. nach China, Russland und S\u00fcdafrika. Hauptberuflich unterrichtet Julia Wolf am Gymnasium Ricarda-Huch-Schule Hannover die F\u00e4cher Musik, Deutsch und Darstellendes Spiel und leitet die dortigen Mittel- und Oberstufench\u00f6re \u201eVoice \u2019n Performance\u201c. Dar\u00fcber hinaus war sie auf Landes- und Bundesebene 13 Jahre Mitglied im Pr\u00e4sidium des Bundesverbandes Musikunterricht und verantwortlich f\u00fcr das bundesweite Jugendmusikfestival \u201eSchulen musizieren\u201c. In diesem Zusammenhang arbeitete sie auch im Chorfachausschuss des Landesmusikrates Niedersachsen mit. Seit Oktober 2018 leitet Julia Wolf den Nachwuchschor des M\u00e4dchenchor Hannover.<\/p>                    <\/div>\n\t\t        \n                    <div id=\"vorklasse-tab\" class=\"clearfix eael-tab-content-item inactive\" data-title-link=\"vorklasse-tab\">\n\t\t\t\t        <h5>Swantje Bein<\/h5><p><a href=\"http:\/\/maedchenchor-hannover.de\/wp-content\/uploads\/SwantjeBein.jpg\"><img decoding=\"async\" class=\"alignright wp-image-6751 size-full\" src=\"http:\/\/maedchenchor-hannover.de\/wp-content\/uploads\/SwantjeBein.jpg\" alt=\"\" width=\"350\" height=\"438\" srcset=\"https:\/\/maedchenchor-hannover.de\/wp-content\/uploads\/SwantjeBein.jpg 350w, https:\/\/maedchenchor-hannover.de\/wp-content\/uploads\/SwantjeBein-240x300.jpg 240w, https:\/\/maedchenchor-hannover.de\/wp-content\/uploads\/SwantjeBein-230x288.jpg 230w\" sizes=\"(max-width: 350px) 100vw, 350px\" \/><\/a>Swantje Bein studierte Elementare Musikp\u00e4dagogik sowie Musikerziehung im Fach Klavier und arbeitet heute an der Musikschule der Stadt Hannover. Sie singt in unterschiedlichen Vokalensembles und erteilt auch Stimmbildungsunterricht. Seit 1995 leitet sie die Vorklasse des M\u00e4dchenchors Hannover.<\/p>                    <\/div>\n\t\t        \n                    <div id=\"vokale-grundstufe-tab\" class=\"clearfix eael-tab-content-item inactive\" data-title-link=\"vokale-grundstufe-tab\">\n\t\t\t\t        <h5>Gabriele Sch\u00f6nw\u00e4lder<\/h5><p><a href=\"http:\/\/maedchenchor-hannover.de\/wp-content\/uploads\/GASchoenwaelder.jpg\"><img loading=\"lazy\" decoding=\"async\" class=\"alignleft wp-image-6752 size-full\" src=\"http:\/\/maedchenchor-hannover.de\/wp-content\/uploads\/GASchoenwaelder.jpg\" alt=\"\" width=\"300\" height=\"301\" srcset=\"https:\/\/maedchenchor-hannover.de\/wp-content\/uploads\/GASchoenwaelder.jpg 300w, https:\/\/maedchenchor-hannover.de\/wp-content\/uploads\/GASchoenwaelder-150x150.jpg 150w, https:\/\/maedchenchor-hannover.de\/wp-content\/uploads\/GASchoenwaelder-299x300.jpg 299w, https:\/\/maedchenchor-hannover.de\/wp-content\/uploads\/GASchoenwaelder-230x231.jpg 230w\" sizes=\"(max-width: 300px) 100vw, 300px\" \/><\/a>Gabriele Sch\u00f6nw\u00e4lder erhielt ihre erste gesangliche Ausbildung im M\u00e4dchenchor Hannover. Sie studierte Schulmusik und Elementare Musikp\u00e4dagogik und arbeitet heute an der Musikschule der Stadt Hannover. Die Vokale Grundstufe leitet sie seit ihrer Einrichtung im Jahre 1987.<\/p>                    <\/div>\n\t\t                    <\/div>\n        <\/div>\n\t\t\t\t<\/div>\n\t\t\t\t<\/div>\n\t\t\t\t\t<\/div>\n\t\t<\/div>\n\t\t\t\t\t<\/div>\n\t\t<\/section>\n\t\t\t\t<\/div>\n\t\t","protected":false},"excerpt":{"rendered":"<p>Chor- u. Singschule Chorgruppen Gruppenleitung K\u00fcnstlerische Mitarbeit Die Gremien Hamburger [&hellip;]<\/p>\n","protected":false},"author":1,"featured_media":0,"parent":0,"menu_order":0,"comment_status":"closed","ping_status":"closed","template":"page-templates\/page_fullwidth.php","meta":{"footnotes":""},"class_list":["post-24034","page","type-page","status-publish","hentry"],"_links":{"self":[{"href":"https:\/\/maedchenchor-hannover.de\/index.php?rest_route=\/wp\/v2\/pages\/24034","targetHints":{"allow":["GET"]}}],"collection":[{"href":"https:\/\/maedchenchor-hannover.de\/index.php?rest_route=\/wp\/v2\/pages"}],"about":[{"href":"https:\/\/maedchenchor-hannover.de\/index.php?rest_route=\/wp\/v2\/types\/page"}],"author":[{"embeddable":true,"href":"https:\/\/maedchenchor-hannover.de\/index.php?rest_route=\/wp\/v2\/users\/1"}],"replies":[{"embeddable":true,"href":"https:\/\/maedchenchor-hannover.de\/index.php?rest_route=%2Fwp%2Fv2%2Fcomments&post=24034"}],"version-history":[{"count":182,"href":"https:\/\/maedchenchor-hannover.de\/index.php?rest_route=\/wp\/v2\/pages\/24034\/revisions"}],"predecessor-version":[{"id":42590,"href":"https:\/\/maedchenchor-hannover.de\/index.php?rest_route=\/wp\/v2\/pages\/24034\/revisions\/42590"}],"wp:attachment":[{"href":"https:\/\/maedchenchor-hannover.de\/index.php?rest_route=%2Fwp%2Fv2%2Fmedia&parent=24034"}],"curies":[{"name":"wp","href":"https:\/\/api.w.org\/{rel}","templated":true}]}}